{"id":1140,"date":"2023-03-06T01:55:41","date_gmt":"2023-03-06T01:55:41","guid":{"rendered":"https:\/\/mgreif.com\/myrecipes\/?page_id=1140"},"modified":"2023-03-09T02:33:10","modified_gmt":"2023-03-09T02:33:10","slug":"terms-of-use","status":"publish","type":"page","link":"https:\/\/mgreif.com\/myrecipes\/terms-of-use\/","title":{"rendered":"Nutzungsbedingungen"},"content":{"rendered":"<p class=\"lead has-large-font-size\"><span><span class=\"goog-text-highlight\">Diese Nutzungsbedingungen regeln Ihre Nutzung dieser Website.\u00a0<\/span>Bitte lesen Sie diese sorgf\u00e4ltig durch, da sie Ihre gesetzlichen Rechte und Pflichten betreffen.<\/span><br \/>\n<span>Wenn Sie diesen Bedingungen nicht zustimmen, verwenden Sie diese Website bitte nicht.<\/span><\/p>\n<h2><span>1. Nutzung dieser Website<\/span><\/h2>\n<p><span>Diese Website wird Ihnen vorbehaltlich dieser Nutzungsbedingungen kostenlos f\u00fcr Ihren pers\u00f6nlichen Gebrauch zur Verf\u00fcgung gestellt.\u00a0Durch die Nutzung dieser Website erkl\u00e4ren Sie sich mit diesen Bedingungen einverstanden.<\/span><\/p>\n<p><span>Die Allgemeinen Gesch\u00e4ftsbedingungen beeintr\u00e4chtigen nicht Ihre gesetzlichen Rechte.<\/span><\/p>\n<h2><span>2. \u00c4nderungen<\/span><\/h2>\n<p><span>Wir k\u00f6nnen diese Allgemeinen Gesch\u00e4ftsbedingungen von Zeit zu Zeit aktualisieren, und alle \u00c4nderungen werden Ihnen \u00fcber eine entsprechende Ank\u00fcndigung auf dieser Website mitgeteilt.\u00a0Die \u00c4nderungen gelten f\u00fcr die Nutzung dieser Website, nachdem wir sie bekannt gegeben haben.\u00a0Wenn Sie die neuen Nutzungsbedingungen nicht akzeptieren m\u00f6chten, sollten Sie diese Website nicht weiter nutzen.\u00a0Wenn Sie diese Website nach dem Datum des Inkrafttretens der \u00c4nderung weiterhin nutzen, erkl\u00e4ren Sie sich mit der Nutzung dieser Website damit einverstanden, an die neuen Nutzungsbedingungen gebunden zu sein.<\/span><\/p>\n<h2><span>3. Zugriff auf und Verf\u00fcgbarkeit der Website<\/span><\/h2>\n<p><span>Wir werden alle angemessenen Anstrengungen unternehmen, um Ihnen 24 Stunden am Tag ohne Unterbrechungen Zugriff auf die Website zu erm\u00f6glichen.\u00a0Von Zeit zu Zeit kann es jedoch zu St\u00f6rungen kommen, z. B. aufgrund wesentlicher Wartungsarbeiten oder Probleme, die au\u00dferhalb unserer Kontrolle liegen und die Lieferanten, Kommunikation, das Internet, Ihren eigenen Computer oder Softwarefehler betreffen.\u00a0Dementsprechend garantieren wir nicht, dass die Website kontinuierlich verf\u00fcgbar ist, und haften nicht f\u00fcr Ausfallzeiten oder Unterbrechungen der Website-Verf\u00fcgbarkeit.<\/span><\/p>\n<h2><span>4. Geistiges Eigentum<\/span><\/h2>\n<p><span>Inhalt und Gestaltung dieser Seiten unterliegen unserem Urheberrecht.\u00a0Sie k\u00f6nnen gerne Seiten f\u00fcr Ihren pers\u00f6nlichen Gebrauch ausdrucken, aber kein Teil dieser Website, unsere Logos oder Warenzeichen d\u00fcrfen f\u00fcr andere Zwecke vervielf\u00e4ltigt oder \u00fcbertragen werden.<\/span><\/p>\n<p><span>Abgesehen von der Erlaubnis, auf die Website zuzugreifen und die Dienste gem\u00e4\u00df diesen Allgemeinen Gesch\u00e4ftsbedingungen zu nutzen, stimmen Sie zu, dass nichts hierin Ihnen Rechte an oder Eigentum an geistigen Eigentumsrechten verleiht oder gew\u00e4hrt, die in der Pr\u00e4sentation oder dem Format der Website oder vorhanden sind in Software, Inhalten, Informationen, Daten oder Datenbanken, die \u00fcber die Website bereitgestellt oder in den Diensten verwendet werden oder Teil der Dienste sind.\u00a0Dies umfasst ohne Einschr\u00e4nkung alle eingetragenen oder nicht eingetragenen Warenzeichen, Dienstleistungsmarken, Logos, Designs, Datenbankrechte, Urheberrechte, Rechte an Domainnamen oder Daten, die uns oder Dritten geh\u00f6ren oder zustehen (\u201egeistiges Eigentum\u201c).<\/span><\/p>\n<p><span>Alle Rechte in Bezug auf geistiges Eigentum, die nicht ausdr\u00fccklich von uns gew\u00e4hrt werden, sind hiermit uns (oder unseren Lizenzgebern) vorbehalten, und Ihnen werden keine Rechte, Lizenzen oder Vorteile an solchem \u200b\u200bgeistigen Eigentum gew\u00e4hrt.<\/span><\/p>\n<h2><span>5. Haftung<\/span><\/h2>\n<p><span>Diese Website wird von uns ohne jegliche Gew\u00e4hrleistung oder Garantie zur Verf\u00fcgung gestellt.\u00a0Sie tragen die mit der Nutzung des Internets verbundenen Risiken.<\/span><\/p>\n<p><span>Wir haben alle angemessenen Anstrengungen unternommen, um sicherzustellen, dass alle Informationen, die von uns und Dritten auf der Website bereitgestellt werden, zum Zeitpunkt der Aufnahme korrekt, vollst\u00e4ndig und aktuell sind.<\/span><\/p>\n<p><span>Es k\u00f6nnen jedoch unbeabsichtigte Fehler auf der Website auftreten, f\u00fcr die wir keine Verantwortung \u00fcbernehmen.\u00a0Wir behalten uns das Recht vor, nach eigenem Ermessen \u00c4nderungen und\/oder Korrekturen an der Website vorzunehmen.<\/span><br \/>\n<span>Insbesondere lehnen wir jegliche Haftung im Zusammenhang mit Folgendem ab:<\/span><\/p>\n<ul>\n<li><span>Inkompatibilit\u00e4t dieser Website mit Ihren Ger\u00e4ten, Software oder Telekommunikationsverbindungen<\/span><\/li>\n<li><span>Technische Probleme einschlie\u00dflich Fehler oder Unterbrechungen dieser Website<\/span><\/li>\n<li><span>Ungeeignetheit, Unzuverl\u00e4ssigkeit oder Ungenauigkeit dieser Website<\/span><\/li>\n<li><span>Unzul\u00e4nglichkeit dieser Website, um Ihre Anforderungen zu erf\u00fcllen<\/span><\/li>\n<\/ul>\n<p><span>Durch den Zugriff auf diese Website erkl\u00e4ren Sie sich damit einverstanden, dass wir gegen\u00fcber keiner Person f\u00fcr besondere, zuf\u00e4llige, direkte oder indirekte Folgesch\u00e4den oder -sch\u00e4den haftbar sind, einschlie\u00dflich, aber nicht beschr\u00e4nkt auf entgangenen Gewinn oder Umsatz, Kosten f\u00fcr Ersatzwaren, Verlust oder Besch\u00e4digung von Daten aus der Nutzung oder Unm\u00f6glichkeit der Nutzung dieser Website, die sich aus der Nutzung dieser Website oder der Nutzung oder dem Vertrauen auf Informationen ergeben, die in den Materialien auf dieser Website enthalten sind, oder aus dem Zugriff auf andere Materialien im Internet \u00fcber Hyperlinks von dieser Website.<\/span><\/p>\n<p><span>Nichts in diesen Gesch\u00e4ftsbedingungen schlie\u00dft unsere Haftung f\u00fcr Personensch\u00e4den oder Todesf\u00e4lle aus, die durch unsere Fahrl\u00e4ssigkeit verursacht wurden.<\/span><\/p>\n<h2><span>6. Websites und Produkte von Drittanbietern<\/span><\/h2>\n<p><span>Von Zeit zu Zeit kann diese Website Links zu anderen Websites enthalten, die sich unserer Kontrolle entziehen.\u00a0Wir \u00fcbernehmen keine Haftung f\u00fcr die Inhalte externer Links.<\/span><\/p>\n<p><span>Jegliche Informationen zu einem Lieferanten oder Produkt auf der Website, die nicht Teil von uns oder unserer Gruppe sind oder von uns oder unserer Gruppe erstellt wurden, stellen keine Billigung der Qualit\u00e4t des angebotenen Lieferanten oder Produkts durch uns dar.<\/span><\/p>\n<h2><span>7. K\u00fcndigung<\/span><\/h2>\n<p><span>Wir k\u00f6nnen Ihr Recht zur Nutzung der Website durch schriftliche Mitteilung an Sie k\u00fcndigen, wenn Sie gegen eine der Verpflichtungen aus diesen Allgemeinen Gesch\u00e4ftsbedingungen versto\u00dfen.<\/span><\/p>\n<p><span>Nach der K\u00fcndigung werden Sie keinen weiteren Versuch unternehmen, auf die Website zuzugreifen oder die Dienste zu nutzen, und m\u00fcssen alle relevanten Passw\u00f6rter und alle anderen Website-Materialien l\u00f6schen.<\/span><\/p>\n<h2><span>8. Ihre Haftung<\/span><\/h2>\n<p><span>Sie erkl\u00e4ren sich damit einverstanden, f\u00fcr uns (und unsere leitenden Angestellten, Mitarbeiter, Direktoren, Anteilseigner, Vertreter, Rechtsnachfolger und Abtretungsempf\u00e4nger) zu haften und uns schadlos zu halten und uns von allen Anspr\u00fcchen, Forderungen und Klagen Dritter und in Bezug auf alle Verbindlichkeiten, Verluste, Kosten, Geb\u00fchren, Sch\u00e4den und Auslagen (einschlie\u00dflich Anwaltskosten), die im Zusammenhang mit solchen Anspr\u00fcchen, Forderungen und Klagen entstehen, soweit sich diese Haftung aus einer Verletzung dieser Allgemeinen Gesch\u00e4ftsbedingungen durch Sie oder der Verwendung Ihres Computers, Ihrer Passw\u00f6rter oder sicheren Mittel ergibt Zugriff auf die Website durch einen nicht autorisierten Benutzer.<\/span><\/p>\n<h2><span>9. Allgemeines<\/span><\/h2>\n<p><span>Wenn wir unsere Rechte nicht unverz\u00fcglich aus\u00fcben, gilt dies nicht als Verzicht auf diese Rechte und wir k\u00f6nnen diese Rechte auch in Zukunft aus\u00fcben.<\/span><\/p>\n<p><span>Wenn sich herausstellt, dass eine dieser Bedingungen nach geltendem Recht rechtswidrig, ung\u00fcltig oder nicht durchsetzbar ist, wird die betreffende Bestimmung abgetrennt und die verbleibenden Bedingungen bleiben unber\u00fchrt (im gr\u00f6\u00dftm\u00f6glichen gesetzlich zul\u00e4ssigen Umfang).<\/span><\/p>\n<p><span><span class=\"\">Sie stimmen zu, dass wir seine Rechte und Pflichten aus diesen Gesch\u00e4ftsbedingungen auf eine andere Person \u00fcbertragen k\u00f6nnen.\u00a0<\/span>Sie d\u00fcrfen Ihre Rechte oder Pflichten aus diesen Allgemeinen Gesch\u00e4ftsbedingungen nicht an Dritte \u00fcbertragen, ohne vorher unsere schriftliche Zustimmung einzuholen.<\/span><\/p>\n<p><span>Zuletzt aktualisiert: Februar 2023<\/span><\/p>\n","protected":false},"excerpt":{"rendered":"<p>Diese Nutzungsbedingungen regeln Ihre Nutzung dieser Website.\u00a0Bitte lesen Sie diese sorgf\u00e4ltig durch, da sie Ihre gesetzlichen Rechte und Pflichten betreffen. Wenn Sie diesen Bedingungen nicht&hellip;<\/p>\n","protected":false},"author":1,"featured_media":0,"parent":0,"menu_order":0,"comment_status":"closed","ping_status":"closed","template":"","meta":{"footnotes":""},"class_list":["post-1140","page","type-page","status-publish","hentry"],"_links":{"self":[{"href":"https:\/\/mgreif.com\/myrecipes\/wp-json\/wp\/v2\/pages\/1140","targetHints":{"allow":["GET"]}}],"collection":[{"href":"https:\/\/mgreif.com\/myrecipes\/wp-json\/wp\/v2\/pages"}],"about":[{"href":"https:\/\/mgreif.com\/myrecipes\/wp-json\/wp\/v2\/types\/page"}],"author":[{"embeddable":true,"href":"https:\/\/mgreif.com\/myrecipes\/wp-json\/wp\/v2\/users\/1"}],"replies":[{"embeddable":true,"href":"https:\/\/mgreif.com\/myrecipes\/wp-json\/wp\/v2\/comments?post=1140"}],"version-history":[{"count":0,"href":"https:\/\/mgreif.com\/myrecipes\/wp-json\/wp\/v2\/pages\/1140\/revisions"}],"wp:attachment":[{"href":"https:\/\/mgreif.com\/myrecipes\/wp-json\/wp\/v2\/media?parent=1140"}],"curies":[{"name":"wp","href":"https:\/\/api.w.org\/{rel}","templated":true}]}}